10*190/(-76). Suppose -u = -2*g + x. Calculate the highest common divisor of 19 and g.
19
Let x(s) = 7*s**2 - 5*s - 5. Let d be x(0). Let m be 1/d - (1 - 10824/20). What is the highest common divisor of 60 and m?
60
Let g be (-90)/(-22) - 23*(-18)/(-4554). What is the highest common factor of g and 1880?
4
Suppose 79*r - 2709 = -8126 + 341720. Calculate the highest common factor of 1032 and r.
129
Suppose 227 = 11*n - 7*n + 3*u, -68 = -n - 3*u. Let x(l) = -3*l. Let k be x(1). Let a be (-2108)/(-20) + k/(-5). What is the greatest common divisor of n and a?
53
Let v(y) = y**3 - 2*y**2 - 6*y + 8. Let z be v(4). Let f be -8*5/10*-10. Calculate the highest common factor of f and z.
8
Suppose 0 = -2*u - 11*u + 91. Suppose 0 = -2*v - 5*d + 179, u*d - 12 = 3*d. What is the greatest common factor of 205 and v?
41
Let f(z) = -67*z + 13. Let g(h) = -h**2 + 20*h - 5. Let k be g(0). Let d be f(k). Calculate the greatest common factor of 12 and d.
12
Let r be (47 - 1) + -11 + 3. What is the greatest common divisor of r and 722?
38
Suppose 262 - 238 = 4*o. Suppose -4*u - x - 95 = -6*u, -4*x = 2*u - 100. Calculate the highest common divisor of u and o.
6
Suppose -25 = 2*o - 163. Let f = 244 + 515. Calculate the greatest common factor of f and o.
69
Let o(v) = v**3 + 9*v**2 + 10*v + 12. Let t be o(-10). Let b = 287 + t. Let g = -2 + 13. What is the highest common factor of b and g?
11
Suppose -y - 16 = -5*y, 78 = -5*g + 2*y. Let o be (8/g)/((-10)/105). Let j(m) = -2*m + 4. Let a be j(-10). Calculate the greatest common factor of a and o.
6
Suppose 5061 = -16*k + 51173. What is the highest common factor of k and 44?
22
Suppose 0 = 5*w - 402 + 2202. Let d be ((-36)/(-45))/(3/w). Let y = d + 99. What is the greatest common factor of y and 24?
3
Let o be -9 - (-1)/(-2)*-18. Suppose -1 + 3 = x, o = 5*v - x - 23. What is the greatest common divisor of v and 125?
5
Let g(n) = n**2 - 11*n + 21. Let v be g(2). Suppose -v*c = -1157 - 1240. Calculate the highest common factor of 17 and c.
17
Let t = -12473 + 12479. What is the greatest common factor of t and 11922?
6
Suppose -617 = -4*l + 483. Let b = 138 + -134. Let f(k) = k**2 + k + 5. Let y be f(b). What is the greatest common divisor of l and y?
25
Let d be (-2463)/(-3) - (4 - (-5 - -7)). Calculate the greatest common divisor of 351 and d.
117
Let q(x) = -4*x**2 + 39*x**2 - 11 + 6*x**2 - 6*x. Let j be q(-2). Let u = 34 + -19. What is the greatest common divisor of u and j?
15
Let p = -114 - -116. Suppose -255 = -p*k + 159. Let i = k + -87. What is the greatest common factor of 15 and i?
15
Let q = 2775 + -1100. Suppose 4*n - 3*d + 166 = q, -2*n + 2*d + 756 = 0. Calculate the highest common divisor of n and 75.
75
Let t(y) = -9*y + 471. Let c be t(51). Suppose 0 = -12*s + 5*s + 420. What is the greatest common factor of c and s?
12
Suppose -f + 3*u + 19 = 0, 13 = f - 2*f - 5*u. Let m(s) = s**3 - s**2 - 4*s - 14. Let d be m(f). Calculate the highest common divisor of 84 and d.
84
Let x = -109185 + 109964. Suppose -24 + 270 = 3*p. What is the greatest common divisor of x and p?
41
Suppose 12*z - 2868 = 1392. Let x = z + -307. Calculate the highest common divisor of 84 and x.
12
Let l be ((-1)/3)/((-385)/63 + 6). Suppose 0 = -l*j - 128 + 485. Calculate the highest common divisor of 51 and j.
17
Suppose -30*p + 33*j + 1800 = 32*j, 0 = 2*p + 3*j - 120. Calculate the highest common factor of 9705 and p.
15
Suppose 235*q - 21060 = -25*q. Calculate the greatest common factor of 5427 and q.
81
Suppose 0*f = 3*f - 153. Let t = -4265 - -4350. What is the highest common divisor of t and f?
17
Let w = 496 - 290. Let i = 244 + w. What is the greatest common divisor of i and 18?
18
Let m be 8*71*(2 + -1). Suppose 584 = 24*n - m. Calculate the highest common factor of 30 and n.
6
Let y(q) = q**2 + 14*q + 48. Let n be y(-5). Suppose 2*b - n*u - 87 = 216, -308 = -2*b - 2*u. Calculate the greatest common divisor of b and 9.
9
Let l be ((-74442)/171)/((-2)/60). Calculate the greatest common factor of l and 40.
20
Let y be (238/14)/((-2)/(-40)). Let m = -7 - -13. Suppose 4*a - m*a + y = 0. What is the greatest common factor of 17 and a?
17
Suppose -5802*n = -5847*n + 40950. What is the highest common divisor of n and 490?
70
Let u be 9/2*(0 - -10). Suppose 0 = -5*o - u. Let r be 28/(-126) - 281/o. Calculate the greatest common factor of r and 62.
31
Suppose -5*a + 2*b = -2*a - 41, -3*b - 3 = 0. Suppose 2*k + k - 54 = 0. Suppose 23*i = k*i + 130. What is the highest common divisor of i and a?
13
Let m be (4 - (-25)/(-7))/(36/2268). Calculate the highest common factor of m and 237.
3
Let q = 12 - 0. Let c be 2/3*q/4. Let a(m) = 25*m**3 + m**2 - 2*m - 2. Let y be a(c). Calculate the highest common factor of 22 and y.
22
Suppose x + p = -3, p = x + 28 - 33. Let q be -7*(6 + -4)*(-3 + x). What is the greatest common factor of 112 and q?
28
Suppose 4*y = -24, 2*u = -284*y + 287*y + 636. What is the greatest common divisor of 3605 and u?
103
Suppose 166*y - 162*y - 585 = -5*c, 0 = -2*c - y + 237. What is the highest common divisor of 583 and c?
11
Suppose 34*k - 399 = 13*k. Let h = -80 + 99. Calculate the highest common divisor of h and k.
19
Let m(w) = 20*w**2 - 6*w + 2. Let v be m(5). Let g be (177/(-21))/((1 - 11)/70). Calculate the greatest common divisor of g and v.
59
Let u = 172 - 128. Let a(i) = -i**3 + i**2 - 5*i - 43. Let z be a(-5). What is the greatest common divisor of u and z?
44
Suppose -60 = -7*d + 213. Suppose -4*t + 39 + d = -5*j, -4*t + 4*j + 80 = 0. Let o be (-98)/(-3) - (-1)/3. Calculate the greatest common factor of t and o.
11
Let m = 24 - 16. Suppose 5*i - 4*f + 11 = 0, 1 + 21 = 2*i + 5*f. Let j be 54 - (-1 + (i + 1 - 3)). What is the highest common factor of m and j?
8
Let f(l) = 23*l**3 + 15*l**2 - 34*l + 8. Let q be f(2). Calculate the greatest common divisor of 216 and q.
8
Suppose -26*w + 31*w - 825484 = -39*w. What is the highest common divisor of w and 514?
257
Suppose -h + 10*l - 1 = 5*l, -4*l - 4 = -h. What is the highest common factor of 1536 and h?
24
Let u(t) = 3*t**3 - 13*t**2 + 5*t + 2. Let f be u(4). Suppose 5*b = -4*s + 177, -2*s + 50 = -4*b - f. What is the highest common divisor of s and 171?
19
Suppose -5*k - 866 = 3*h, -13*h = -3*k - 11*h - 512. Let s = k - -655. Calculate the greatest common factor of s and 63.
21
Let g(k) = -6*k**2 + 9*k - 8. Let j be g(2). Let s be 78/14 - 6 - 342/j. What is the greatest common divisor of 88 and s?
8
Let d(c) = c**2 - c. Let m be d(-2). Let i be m - (8 - (-3 - -7)). Suppose 0 = i*o - 25 - 21. What is the highest common divisor of 184 and o?
23
Suppose -t = t - 96. Let s(k) = -109*k - 3238. Let b be s(-30). What is the highest common divisor of t and b?
16
Let k = -178 + 180. Suppose 0 = -5*j - 5*t + 30, -3*j + k*t + 22 = 9. Let x = -79 - -124. What is the greatest common factor of j and x?
5
Let q be (35 - -1)/((-10)/(-120)). Let r be ((-3)/4)/(1292/q - 3). Calculate the highest common factor of r and 27.
27
Let x = 297 - 67. Let n = x + -225. Calculate the highest common factor of n and 15.
5
Let o(r) = 0 + 0 + 3*r**2 + 1 - 9*r. Suppose 4*b + 9*b - 19*b + 30 = 0. Let v be o(b). What is the greatest common divisor of v and 93?
31
Suppose 3*z + 4*b + 24 = 5116, 7*b = 3*z - 5048. What is the greatest common factor of 234 and z?
18
Let z(i) = i**2 - 163*i + 4132. Let r be z(31). Calculate the greatest common factor of 770 and r.
10
Suppose -3*v = 4*d - 4191, -5*d - 8*v = -4*v - 5240. Calculate the highest common factor of d and 96.
12
Let l = 173 + -161. Let r be 51 + -4*(45/l)/5. Calculate the highest common divisor of 64 and r.
16
Let n be (39 - 43)*265/(-4). Suppose 8*r = n + 143. What is the highest common divisor of 663 and r?
51
Suppose 0 = -2*o + 5*n + 1414, 4*o - 67*n = -66*n + 2792. Calculate the highest common divisor of 34 and o.
17
Let g(r) = -r**3 - 4*r**2 + 6. Let f(y) = -7*y - 46. Let s be f(-17). Let l = s - 79. Let c be g(l). What is the highest common divisor of 6 and c?
6
Suppose 10*j + 9*i - 38632 = 13*i, 0 = -3*j + 4*i + 11584. What is the highest common factor of j and 189?
21
Let c be 1*((-1)/(-5))/((-6)/(-10))*3. What is the highest common divisor of 16 and c?
1
Suppose -1530 = -9*a - 909. Calculate the highest common factor of a and 57.
3
